 5 - p**2 + 8*p**3. Let m be u(2). Let o(l) = l**2 + 8*l + 3. Let h be o(-8). What is the greatest common divisor of h and m?
3
Let a(n) = n**2 + 4*n + 1. Let q be a(-4). Let f be (-10)/(q + (0 - 2)). Let d be -75*(2 - -2)/(-12). Calculate the greatest common divisor of d and f.
5
Let u be -4*2*2/(-8). Let z(m) = -m**2 + 8*m - 7. Let k be z(5). What is the highest common divisor of u and k?
2
Suppose 5 = 3*h - 2*h. Suppose -5*v = 0, 3*z - 4*z - h*v = -9. Let r = 71 - 26. What is the highest common factor of r and z?
9
Suppose 2*b - 4 = 0, -3*q + 0*b = 5*b - 85. Calculate the greatest common factor of 5 and q.
5
Let q be (-2 + 3/3)*2. Let r be ((-75)/10)/(q/4). Calculate the highest common divisor of 10 and r.
5
Suppose -j + 2*j + 3 = 0. Let b = j + 0. Let v be (2/b)/(2/(-6)). What is the highest common divisor of 1 and v?
1
Suppose 6*n - 60 = n. What is the highest common factor of 30 and n?
6
Let c be (4 - 19)*(2 - 3). Let y = c - 7. Calculate the greatest common divisor of 20 and y.
4
Let o = 8 + -5. Let t(l) = l**3 + 6*l**2 - 8*l + 1. Let c be t(-7). Suppose -4 = -w - c, 2*w = 2*j - 62. What is the greatest common factor of o and j?
3
Suppose 6*f = 3*f - 12. Let p(r) = -15*r - 4. Let k be p(f). Calculate the greatest common factor of k and 7.
7
Let n(a) = 2*a**3 - 2*a**2 - a - 1. Let g be n(2). Let l be 1/4 + g/(-20). Let t be (l - -15) + (-3 - -1). What is the greatest common factor of t and 52?
13
Let h = 62 - 55. Calculate the greatest common divisor of h and 56.
7
Suppose -c - r - 3 = 0, 4*c = -0*r + 2*r + 18. Suppose -u = c*u. Let j be 2 - (-13 + u)*1. Calculate the greatest common factor of 45 and j.
15
Let b be 2/1*2/4. Calculate the highest common factor of 10 and b.
1
Let i = 44 + -73. Let p = i + 41. What is the greatest common factor of p and 96?
12
Let r = 34 + -12. Calculate the highest common factor of 33 and r.
11
Let k = -21 + 64. Suppose 0 = -u + 2*w + k, 3*u + w = -w + 137. Let v = u + -21. Calculate the highest common divisor of v and 12.
12
Suppose -108 = s - 3*s - f, 284 = 5*s - f. Let c be (-1)/(2*(-2)/(-68)). Let u = 25 + c. Calculate the greatest common factor of u and s.
8
Suppose q - 5*w = -q + 74, q = 5*w + 47. Calculate the highest common factor of q and 18.
9
Suppose -p + 8 = 4*r - 4, 3*p - r = -3. Suppose 3*g + 36 + 230 = 5*q, p = -2*q - 5*g + 94. What is the highest common divisor of 13 and q?
13
Suppose 0 = 3*t - 2*c - 1, -2 = 2*t + 2*c - 4*c. Suppose -t*g = -0*g - 81. Calculate the greatest common factor of 216 and g.
27
Suppose 0 = 2*i - l, -l + 2 = -4*i - 2. Let m be i*(-23 + 1 + -2). Calculate the greatest common factor of 24 and m.
24
Suppose 7*t - 110 = 16. What is the greatest common factor of t and 72?
18
Suppose -f = 4*z - 24, -3*z = 2*f - 22 - 6. Let u = f - -40. Let s(m) = m**3 + 3*m**2 - 3*m - 3. Let y be s(-3). What is the highest common factor of y and u?
6
Let b = 18 - 11. Let d = -1 - -2. Let f be 153/(d + 2) - 2. What is the greatest common factor of f and b?
7
Let u = 316 - 164. Calculate the highest common divisor of 19 and u.
19
Suppose -5*g + 27 = -3. What is the highest common divisor of g and 42?
6
Let x = -33 + 60. What is the greatest common divisor of 9 and x?
9
Let l = 212 - 122. Let k(p) = 19*p - 2. Let x be k(2). What is the greatest common divisor of l and x?
18
Let w(f) = f**3 - 5*f - 2. Let v be w(4). Suppose 0 = -4*a + v + 22. Calculate the highest common factor of a and 16.
16
Let j(t) = 9*t**3 - t**2 + t - 2. Let i be j(1). Calculate the greatest common factor of i and 14.
7
Let n be (-1)/3 + (-115)/(-3). Let l = n - 10. What is the greatest common factor of 14 and l?
14
Suppose 5*f + 16 - 26 = 0. Suppose -5*q = z - 23, -2*z + 4 = f*z - 2*q. Calculate the greatest common factor of 2 and z.
1
Let m(t) = -11*t**2 + 23*t - 2. Let i(q) = -7*q**2 + 15*q - 1. Let u(s) = -8*i(s) + 5*m(s). Let r be u(-6). What is the greatest common divisor of 8 and r?
8
Suppose o = 44 - 12. What is the greatest common factor of o and 24?
8
Let f(o) = -o**3 - 12*o**2 - 9*o - 5. Let b be f(-12). Let l = b + -8. What is the greatest common factor of 19 and l?
19
Suppose -90 + 84 = -2*x. Let u be (-3)/((-1 + -1)/12). What is the highest common divisor of x and u?
3
Suppose j + 5*f = 5*j + 40, -3*j = f + 11. Let c(z) = z**2 + z - 5. Let d be c(j). Calculate the greatest common divisor of d and 5.
5
Let b(l) = -l**3 + 5*l**2 + 1. Let n be b(4). Suppose -27 = -4*v + n. What is the greatest common divisor of v and 11?
11
Let f = 294 + -199. Calculate the highest common factor of f and 38.
19
Suppose 2*f = 4*f - 38. Let v be 2 - (f*3 - -2). Let l = -35 - v. What is the highest common factor of 2 and l?
2
Let m be (-3)/5 - -29*7/5. Calculate the highest common factor of 4 and m.
4
Let i be (42/2)/(-1)*1. Let w = -11 - i. Let g be w/(-8)*(-12)/1. What is the highest common factor of g and 105?
15
Let v = -189 - -214. Calculate the greatest common divisor of 225 and v.
25
Let l = 116 + -86. What is the greatest common factor of l and 12?
6
Let h = -118 - -198. What is the greatest common factor of h and 10?
10
Suppose 7*o - 2*o + 5*j = 45, -3*j - 9 = -3*o. What is the highest common divisor of o and 15?
3
Let w be 1/5 - (-1704)/(-20). Let t = 185 + w. Calculate the highest common factor of t and 40.
20
Let a = 49 - 23. Suppose -p = -0 + 2, 0 = 3*n + 2*p - a. What is the highest common factor of 90 and n?
10
Let h(w) = -4*w - 61. Let g be h(-19). Calculate the highest common divisor of 75 and g.
15
Let c(z) = -2*z - 3. Let q be c(-3). Suppose -q*k = -2*k. Let o(u) = u + 12. Let t be o(k). What is the highest common divisor of 12 and t?
12
Suppose -2 + 8 = k. Let d = k - 2. Calculate the greatest common factor of d and 4.
4
Let o = -2 + -8. Let p = 136 + o. Let w = 3 + 15. What is the greatest common factor of w and p?
18
Let s = 134 - 109. What is the highest common factor of s and 15?
5
Let z be (-2 + 2)/(-1 - 0). Suppose -5*u - 27 = -2*g, 5*u + 3 = -2*g - z. Suppose 3*k + 2*k = 150. Calculate the highest common factor of g and k.
6
Suppose 4*n - 21 = -9. Suppose x + 5*k + 3 = 0, 3*k + 12 = 3. Let l = x - n. Calculate the highest common divisor of l and 27.
9
Let j be 4/(2/(-2)) - -204. What is the highest common factor of j and 25?
25
Let o be ((-24)/9)/(18/(-27)). Calculate the highest common divisor of 6 and o.
2
Suppose 10 + 20 = 2*g. Suppose 0 = 3*x - 20 + 2. What is the greatest common divisor of x and g?
3
Let n(y) = -2*y**2 + 9*y - 3. Let r be n(3). Let j = 7 - 5. Calculate the greatest common divisor of j and r.
2
Let n = 8 + -1. Let h(g) = g**2 - 2*g + 6. Let u = 3 - -1. Let b be h(u). What is the greatest common factor of n and b?
7
Let t(u) = -u**3 + 8*u**2 + 8*u + 7. Let g be t(9). Let w(n) = -5*n - 2. Let a be w(g). Calculate the greatest common factor of 64 and a.
8
Suppose 89*d - 86*d = 99. What is the greatest common factor of d and 110?
11
Suppose 6*p - 384 = 3*p. Suppose 0 = 4*u - 3*k - 732, u - 64 = 3*k + p. Calculate the greatest common factor of u and 20.
20
Let r be 2/(-8) - 68/(-16). Let w be (r - 5)*(-1 - 12). Calculate the greatest common factor of 13 and w.
13
Suppose -21*p - 2016 = -30*p. Calculate the greatest common divisor of 7 and p.
7
Let l(m) = -m**3 - 13*m**2 - 12*m + 3. Let h be (0 + -1)/((-4)/(-48)). Let q be l(h). Calculate the greatest common factor of 12 and q.
3
Let a(s) = 90*s. Let j be a(1). Let b be j/(-4)*8/(-3). Suppose -b = -x - 4*x. Calculate the greatest common factor of x and 60.
12
Suppose 5*q + 5 = 4*c, 0 = 5*q + 3*c + 3 + 2. Let j be ((-140)/(-15))/(q/(-6)). Let w = 21 + -13. What is the greatest common divisor of j and w?
8
Let v = 20 + 6. Let p = v - 16. What is the greatest common factor of p and 70?
10
Let f(i) = 2*i**2 + 5*i + 5. Let b be f(-3). Let g(o) = -o**3 + 9*o**2 - 7*o - 4. Let m be g(b). Calculate the highest common factor of 10 and m.
2
Let i be (4 - 6) + (3 - 1). Let r be -1*1*(-1 - i). Calculate the greatest common divisor of r and 9.
1
Let x = -5 - -5. Suppose 4*b + 4*n - 20 = x, 4 = n + 1. Let y be (-75)/(-6) - 3/b. Calculate the greatest common factor of y and 55.
11
Let h(d) = -d**3 - 6*d**2 - 9. Let s = 3 + -10. Let p be h(s). Calculate the highest common divisor of p and 10.
10
Suppose 5*n - 153 = -433. Let s be (n/(-4))/((-4)/(-1